[INFO] cloning repository https://github.com/aplanas/ostatus
[INFO] running `Command { std: "git" "-c" "credential.helper=" "-c" "credential.helper=/workspace/cargo-home/bin/git-credential-null" "clone" "--bare" "https://github.com/aplanas/ostatus" "/workspace/cache/git-repos/https%3A%2F%2Fgithub.com%2Faplanas%2Fostatus", kill_on_drop: false }`
[INFO] [stderr] Cloning into bare repository '/workspace/cache/git-repos/https%3A%2F%2Fgithub.com%2Faplanas%2Fostatus'...
[INFO] running `Command { std: "git" "rev-parse" "HEAD", kill_on_drop: false }`
[INFO] [stdout] 6cdcb7597f653b8f3e14f4fdadc05a7b89da599f
[INFO] checking aplanas/ostatus against master#9610dfe5a9a731ced1ea4923ecbd0c57fe367898 for beta-170-4
[INFO] running `Command { std: "git" "clone" "/workspace/cache/git-repos/https%3A%2F%2Fgithub.com%2Faplanas%2Fostatus" "/workspace/builds/worker-5-tc1/source", kill_on_drop: false }`
[INFO] [stderr] Cloning into '/workspace/builds/worker-5-tc1/source'...
[INFO] [stderr] done.
[INFO] validating manifest of git repo https://github.com/aplanas/ostatus on toolchain 9610dfe5a9a731ced1ea4923ecbd0c57fe367898
[INFO] running `Command { std: CARGO_HOME="/workspace/cargo-home" RUSTUP_HOME="/workspace/rustup-home" "/workspace/cargo-home/bin/cargo" "+9610dfe5a9a731ced1ea4923ecbd0c57fe367898" "metadata" "--manifest-path" "Cargo.toml" "--no-deps", kill_on_drop: false }`
[INFO] started tweaking git repo https://github.com/aplanas/ostatus
[INFO] finished tweaking git repo https://github.com/aplanas/ostatus
[INFO] tweaked toml for git repo https://github.com/aplanas/ostatus written to /workspace/builds/worker-5-tc1/source/Cargo.toml
[INFO] crate git repo https://github.com/aplanas/ostatus already has a lockfile, it will not be regenerated
[INFO] running `Command { std: CARGO_HOME="/workspace/cargo-home" RUSTUP_HOME="/workspace/rustup-home" "/workspace/cargo-home/bin/cargo" "+9610dfe5a9a731ced1ea4923ecbd0c57fe367898" "fetch" "--manifest-path" "Cargo.toml", kill_on_drop: false }`
[INFO] [stderr]     Updating crates.io index
[INFO] [stderr]     Updating git repository `https://github.com/rpm-software-management/librpm.rs`
[INFO] [stderr]  Downloading crates ...
[INFO] [stderr]   Downloaded configparser v3.0.2
[INFO] [stderr]   Downloaded prettyplease v0.2.4
[INFO] running `Command { std: "docker" "create" "-v" "/var/lib/crater-agent-workspace/builds/worker-5-tc1/target:/opt/rustwide/target:rw,Z" "-v" "/var/lib/crater-agent-workspace/builds/worker-5-tc1/source:/opt/rustwide/workdir:ro,Z" "-v" "/var/lib/crater-agent-workspace/cargo-home:/opt/rustwide/cargo-home:ro,Z" "-v" "/var/lib/crater-agent-workspace/rustup-home:/opt/rustwide/rustup-home:ro,Z" "-e" "SOURCE_DIR=/opt/rustwide/workdir" "-e" "CARGO_TARGET_DIR=/opt/rustwide/target" "-e" "CARGO_HOME=/opt/rustwide/cargo-home" "-e" "RUSTUP_HOME=/opt/rustwide/rustup-home" "-w" "/opt/rustwide/workdir" "-m" "1610612736" "--user" "0:0" "--network" "none" "ghcr.io/rust-lang/crates-build-env/linux@sha256:19e73879b68f455e41552ea35293514db52ea292d993f571636dbffedb77a1ee" "/opt/rustwide/cargo-home/bin/cargo" "+9610dfe5a9a731ced1ea4923ecbd0c57fe367898" "metadata" "--no-deps" "--format-version=1", kill_on_drop: false }`
[INFO] [stdout] 8539dfccbf680d8dfb9a0c0776553ecc6bfa6f8115c3e853c600fc12585373dd
[INFO] running `Command { std: "docker" "start" "-a" "8539dfccbf680d8dfb9a0c0776553ecc6bfa6f8115c3e853c600fc12585373dd", kill_on_drop: false }`
[INFO] running `Command { std: "docker" "inspect" "8539dfccbf680d8dfb9a0c0776553ecc6bfa6f8115c3e853c600fc12585373dd", kill_on_drop: false }`
[INFO] running `Command { std: "docker" "rm" "-f" "8539dfccbf680d8dfb9a0c0776553ecc6bfa6f8115c3e853c600fc12585373dd", kill_on_drop: false }`
[INFO] [stdout] 8539dfccbf680d8dfb9a0c0776553ecc6bfa6f8115c3e853c600fc12585373dd
[INFO] running `Command { std: "docker" "create" "-v" "/var/lib/crater-agent-workspace/builds/worker-5-tc1/target:/opt/rustwide/target:rw,Z" "-v" "/var/lib/crater-agent-workspace/builds/worker-5-tc1/source:/opt/rustwide/workdir:ro,Z" "-v" "/var/lib/crater-agent-workspace/cargo-home:/opt/rustwide/cargo-home:ro,Z" "-v" "/var/lib/crater-agent-workspace/rustup-home:/opt/rustwide/rustup-home:ro,Z" "-e" "SOURCE_DIR=/opt/rustwide/workdir" "-e" "CARGO_TARGET_DIR=/opt/rustwide/target" "-e" "CARGO_INCREMENTAL=0" "-e" "RUST_BACKTRACE=full" "-e" "RUSTFLAGS=--cap-lints=forbid" "-e" "RUSTDOCFLAGS=--cap-lints=forbid" "-e" "CARGO_HOME=/opt/rustwide/cargo-home" "-e" "RUSTUP_HOME=/opt/rustwide/rustup-home" "-w" "/opt/rustwide/workdir" "-m" "1610612736" "--user" "0:0" "--network" "none" "ghcr.io/rust-lang/crates-build-env/linux@sha256:19e73879b68f455e41552ea35293514db52ea292d993f571636dbffedb77a1ee" "/opt/rustwide/cargo-home/bin/cargo" "+9610dfe5a9a731ced1ea4923ecbd0c57fe367898" "check" "--frozen" "--all" "--all-targets" "--message-format=json", kill_on_drop: false }`
[INFO] [stdout] 255b492cf1ebdb1545a04fb0251f80cd7ba179d16293fe8b6dce48b62dec0190
[INFO] running `Command { std: "docker" "start" "-a" "255b492cf1ebdb1545a04fb0251f80cd7ba179d16293fe8b6dce48b62dec0190", kill_on_drop: false }`
[INFO] [stderr]    Compiling libc v0.2.144
[INFO] [stderr]    Compiling proc-macro2 v1.0.56
[INFO] [stderr]    Compiling quote v1.0.26
[INFO] [stderr]    Compiling unicode-ident v1.0.8
[INFO] [stderr]    Compiling glob v0.3.1
[INFO] [stderr]    Compiling memchr v2.5.0
[INFO] [stderr]    Compiling log v0.4.17
[INFO] [stderr]    Compiling regex-syntax v0.7.2
[INFO] [stderr]    Compiling minimal-lexical v0.2.1
[INFO] [stderr]    Compiling libloading v0.7.4
[INFO] [stderr]    Compiling clang-sys v1.6.1
[INFO] [stderr]    Compiling aho-corasick v1.0.1
[INFO] [stderr]    Compiling nom v7.1.3
[INFO] [stderr]    Compiling bitflags v1.3.2
[INFO] [stderr]    Compiling pkg-config v0.3.26
[INFO] [stderr]    Compiling jobserver v0.1.26
[INFO] [stderr]    Compiling either v1.8.1
[INFO] [stderr]    Compiling cc v1.0.79
[INFO] [stderr]    Compiling which v4.4.0
[INFO] [stderr]    Compiling lazycell v1.3.0
[INFO] [stderr]    Compiling peeking_take_while v0.1.2
[INFO] [stderr]    Compiling shlex v1.1.0
[INFO] [stderr]    Compiling rustc-hash v1.1.0
[INFO] [stderr]    Compiling syn v2.0.15
[INFO] [stderr]    Compiling prettyplease v0.2.4
[INFO] [stderr]    Compiling bindgen v0.65.1
[INFO] [stderr]    Compiling io-lifetimes v1.0.10
[INFO] [stderr]    Compiling regex v1.8.3
[INFO] [stderr]    Compiling atty v0.2.14
[INFO] [stderr]    Compiling unicode-width v0.1.10
[INFO] [stderr]    Compiling rustix v0.37.11
[INFO] [stderr]    Compiling cexpr v0.6.0
[INFO] [stderr]    Compiling libz-sys v1.1.8
[INFO] [stderr]    Compiling openssl-sys v0.9.85
[INFO] [stderr]    Compiling typenum v1.16.0
[INFO] [stderr]    Compiling generic-array v0.14.7
[INFO] [stderr]    Compiling textwrap v0.11.0
[INFO] [stderr]    Compiling humantime v2.1.0
[INFO] [stderr]    Compiling bindgen v0.59.2
[INFO] [stderr]    Compiling vec_map v0.8.2
[INFO] [stderr]    Compiling termcolor v1.2.0
[INFO] [stderr]    Compiling strsim v0.8.0
[INFO] [stderr]    Compiling ansi_term v0.12.1
[INFO] [stderr]     Checking linux-raw-sys v0.3.1
[INFO] [stderr]    Compiling env_logger v0.9.3
[INFO] [stderr]    Compiling clap v2.34.0
[INFO] [stderr]    Compiling libssh2-sys v0.3.0
[INFO] [stderr]     Checking tinyvec_macros v0.1.1
[INFO] [stderr]     Checking tinyvec v1.6.0
[INFO] [stderr]     Checking utf8parse v0.2.1
[INFO] [stderr]    Compiling num-traits v0.2.15
[INFO] [stderr]     Checking anstyle-parse v0.2.0
[INFO] [stderr]    Compiling libgit2-sys v0.15.2+1.6.4
[INFO] [stderr]     Checking unicode-normalization v0.1.22
[INFO] [stderr]     Checking unicode-bidi v0.3.13
[INFO] [stderr]     Checking anstyle-query v1.0.0
[INFO] [stderr]     Checking colorchoice v1.0.0
[INFO] [stderr]     Checking anstyle v1.0.0
[INFO] [stderr]     Checking is-terminal v0.4.7
[INFO] [stderr]     Checking percent-encoding v2.2.0
[INFO] [stderr]     Checking idna v0.3.0
[INFO] [stderr]     Checking anstream v0.3.0
[INFO] [stderr]     Checking form_urlencoded v1.1.0
[INFO] [stderr]     Checking crypto-common v0.1.6
[INFO] [stderr]     Checking block-buffer v0.10.4
[INFO] [stderr]     Checking bitflags v2.3.1
[INFO] [stderr]    Compiling heck v0.4.1
[INFO] [stderr]     Checking once_cell v1.17.1
[INFO] [stderr]     Checking clap_lex v0.5.0
[INFO] [stderr]     Checking clap_builder v4.3.0
[INFO] [stderr]     Checking url v2.3.1
[INFO] [stderr]     Checking miniz_oxide v0.7.1
[INFO] [stderr]     Checking digest v0.10.6
[INFO] [stderr]     Checking time v0.1.45
[INFO] [stderr]     Checking fastrand v1.9.0
[INFO] [stderr]     Checking streaming-iterator v0.1.9
[INFO] [stderr]     Checking cpufeatures v0.2.6
[INFO] [stderr]     Checking iana-time-zone v0.1.56
[INFO] [stderr]     Checking xml-rs v0.8.4
[INFO] [stderr]     Checking chrono v0.4.26
[INFO] [stderr]     Checking xmltree v0.10.3
[INFO] [stderr]     Checking sha2 v0.10.6
[INFO] [stderr]    Compiling clap_derive v4.3.0
[INFO] [stderr]     Checking tempfile v3.5.0
[INFO] [stderr]     Checking flate2 v1.0.26
[INFO] [stderr]     Checking configparser v3.0.2
[INFO] [stderr]     Checking clap v4.3.0
[INFO] [stderr]    Compiling librpm-sys v0.1.1 (https://github.com/rpm-software-management/librpm.rs#dbd7013b)
[INFO] [stderr]    Compiling libsolv-sys v0.1.0 (/opt/rustwide/workdir/libsolv-sys)
[INFO] [stderr] error: failed to run custom build command for `librpm-sys v0.1.1 (https://github.com/rpm-software-management/librpm.rs#dbd7013b)`
[INFO] [stderr] note: To improve backtraces for build dependencies, set the CARGO_PROFILE_DEV_BUILD_OVERRIDE_DEBUG=true environment variable to enable debug information generation.
[INFO] [stderr] 
[INFO] [stderr] Caused by:
[INFO] [stderr]   process didn't exit successfully: `/opt/rustwide/target/debug/build/librpm-sys-d6eeb7b62dc361bd/build-script-build` (exit status: 101)
[INFO] [stderr]   --- stdout
[INFO] [stderr]   cargo:rustc-link-lib=rpm
[INFO] [stderr]   cargo:rustc-link-lib=rpmio
[INFO] [stderr] 
[INFO] [stderr]   --- stderr
[INFO] [stderr]   include/librpm.hpp:39:10: fatal error: 'rpm/rpmlib.h' file not found
[INFO] [stderr]   include/librpm.hpp:39:10: fatal error: 'rpm/rpmlib.h' file not found, err: true
[INFO] [stderr]   thread 'main' panicked at 'called `Result::unwrap()` on an `Err` value: ()', /opt/rustwide/cargo-home/git/checkouts/librpm.rs-09f0f5486f3fe459/dbd7013/librpm-sys/build.rs:34:10
[INFO] [stderr]   stack backtrace:
[INFO] [stderr]      0:     0x55793e4213c1 - std::backtrace_rs::backtrace::libunwind::trace::h036e87df56fc4b9d
[INFO] [stderr]                                  at /rustc/9610dfe5a9a731ced1ea4923ecbd0c57fe367898/library/std/src/../../backtrace/src/backtrace/libunwind.rs:93:5
[INFO] [stderr]      1:     0x55793e4213c1 - std::backtrace_rs::backtrace::trace_unsynchronized::hd61eb2dbd6ae476a
[INFO] [stderr]                                  at /rustc/9610dfe5a9a731ced1ea4923ecbd0c57fe367898/library/std/src/../../backtrace/src/backtrace/mod.rs:66:5
[INFO] [stderr]      2:     0x55793e4213c1 - std::sys_common::backtrace::_print_fmt::h00c50d0875db23c9
[INFO] [stderr]                                  at /rustc/9610dfe5a9a731ced1ea4923ecbd0c57fe367898/library/std/src/sys_common/backtrace.rs:65:5
[INFO] [stderr]      3:     0x55793e4213c1 - <std::sys_common::backtrace::_print::DisplayBacktrace as core::fmt::Display>::fmt::h63195ab2dde77ccc
[INFO] [stderr]                                  at /rustc/9610dfe5a9a731ced1ea4923ecbd0c57fe367898/library/std/src/sys_common/backtrace.rs:44:22
[INFO] [stderr]      4:     0x55793e447d5f - core::fmt::rt::Argument::fmt::h83f4110348c688f4
[INFO] [stderr]                                  at /rustc/9610dfe5a9a731ced1ea4923ecbd0c57fe367898/library/core/src/fmt/rt.rs:138:9
[INFO] [stderr]      5:     0x55793e447d5f - core::fmt::write::h509367dd365f983a
[INFO] [stderr]                                  at /rustc/9610dfe5a9a731ced1ea4923ecbd0c57fe367898/library/core/src/fmt/mod.rs:1094:21
[INFO] [stderr]      6:     0x55793e41e8a1 - std::io::Write::write_fmt::h8e60bfebdaabfee5
[INFO] [stderr]                                  at /rustc/9610dfe5a9a731ced1ea4923ecbd0c57fe367898/library/std/src/io/mod.rs:1713:15
[INFO] [stderr]      7:     0x55793e4211d5 - std::sys_common::backtrace::_print::h96e550016098cde6
[INFO] [stderr]                                  at /rustc/9610dfe5a9a731ced1ea4923ecbd0c57fe367898/library/std/src/sys_common/backtrace.rs:47:5
[INFO] [stderr]      8:     0x55793e4211d5 - std::sys_common::backtrace::print::h7a049611b153a02e
[INFO] [stderr]                                  at /rustc/9610dfe5a9a731ced1ea4923ecbd0c57fe367898/library/std/src/sys_common/backtrace.rs:34:9
[INFO] [stderr]      9:     0x55793e422677 - std::panicking::default_hook::{{closure}}::h1b023d46676794c4
[INFO] [stderr]     10:     0x55793e422464 - std::panicking::default_hook::hea2961dabcf68e83
[INFO] [stderr]                                  at /rustc/9610dfe5a9a731ced1ea4923ecbd0c57fe367898/library/std/src/panicking.rs:288:9
[INFO] [stderr]     11:     0x55793e422b2c - std::panicking::rust_panic_with_hook::h4285c91a8168b001
[INFO] [stderr]                                  at /rustc/9610dfe5a9a731ced1ea4923ecbd0c57fe367898/library/std/src/panicking.rs:705:13
[INFO] [stderr]     12:     0x55793e422a27 - std::panicking::begin_panic_handler::{{closure}}::h6ebd0d46f0c6b010
[INFO] [stderr]                                  at /rustc/9610dfe5a9a731ced1ea4923ecbd0c57fe367898/library/std/src/panicking.rs:597:13
[INFO] [stderr]     13:     0x55793e4217f6 - std::sys_common::backtrace::__rust_end_short_backtrace::h92042d128576b63a
[INFO] [stderr]                                  at /rustc/9610dfe5a9a731ced1ea4923ecbd0c57fe367898/library/std/src/sys_common/backtrace.rs:151:18
[INFO] [stderr]     14:     0x55793e422772 - rust_begin_unwind
[INFO] [stderr]                                  at /rustc/9610dfe5a9a731ced1ea4923ecbd0c57fe367898/library/std/src/panicking.rs:593:5
[INFO] [stderr]     15:     0x55793dfac343 - core::panicking::panic_fmt::h65404fc8061ee73a
[INFO] [stderr]                                  at /rustc/9610dfe5a9a731ced1ea4923ecbd0c57fe367898/library/core/src/panicking.rs:67:14
[INFO] [stderr]     16:     0x55793dfac8d3 - core::result::unwrap_failed::h32fb969d6bae75cc
[INFO] [stderr]                                  at /rustc/9610dfe5a9a731ced1ea4923ecbd0c57fe367898/library/core/src/result.rs:1651:5
[INFO] [stderr]     17:     0x55793dfad8a2 - core::result::Result<T,E>::unwrap::h64963c7d0199b3e3
[INFO] [stderr]     18:     0x55793dfad71b - build_script_build::main::h30e5e57e32792999
[INFO] [stderr]     19:     0x55793dfadc83 - core::ops::function::FnOnce::call_once::h654ec31747867fb9
[INFO] [stderr]     20:     0x55793dfadc26 - std::sys_common::backtrace::__rust_begin_short_backtrace::h064f1bd8cc377276
[INFO] [stderr]     21:     0x55793dfadaf9 - std::rt::lang_start::{{closure}}::h1f298eb04403cf9d
[INFO] [stderr]     22:     0x55793e41a7e5 - core::ops::function::impls::<impl core::ops::function::FnOnce<A> for &F>::call_once::h49ef85a8a8d45198
[INFO] [stderr]                                  at /rustc/9610dfe5a9a731ced1ea4923ecbd0c57fe367898/library/core/src/ops/function.rs:284:13
[INFO] [stderr]     23:     0x55793e41a7e5 - std::panicking::try::do_call::ha1def14af693a135
[INFO] [stderr]                                  at /rustc/9610dfe5a9a731ced1ea4923ecbd0c57fe367898/library/std/src/panicking.rs:500:40
[INFO] [stderr]     24:     0x55793e41a7e5 - std::panicking::try::haa3dc2a1139932e2
[INFO] [stderr]                                  at /rustc/9610dfe5a9a731ced1ea4923ecbd0c57fe367898/library/std/src/panicking.rs:464:19
[INFO] [stderr]     25:     0x55793e41a7e5 - std::panic::catch_unwind::h9d9cbebaf9f15c67
[INFO] [stderr]                                  at /rustc/9610dfe5a9a731ced1ea4923ecbd0c57fe367898/library/std/src/panic.rs:142:14
[INFO] [stderr]     26:     0x55793e41a7e5 - std::rt::lang_start_internal::{{closure}}::hf660a772669a69cc
[INFO] [stderr]                                  at /rustc/9610dfe5a9a731ced1ea4923ecbd0c57fe367898/library/std/src/rt.rs:148:48
[INFO] [stderr]     27:     0x55793e41a7e5 - std::panicking::try::do_call::hb1c34715bb9b1c46
[INFO] [stderr]                                  at /rustc/9610dfe5a9a731ced1ea4923ecbd0c57fe367898/library/std/src/panicking.rs:500:40
[INFO] [stderr]     28:     0x55793e41a7e5 - std::panicking::try::h499866fd990da8f1
[INFO] [stderr]                                  at /rustc/9610dfe5a9a731ced1ea4923ecbd0c57fe367898/library/std/src/panicking.rs:464:19
[INFO] [stderr]     29:     0x55793e41a7e5 - std::panic::catch_unwind::hac1ffec55b72e7bc
[INFO] [stderr]                                  at /rustc/9610dfe5a9a731ced1ea4923ecbd0c57fe367898/library/std/src/panic.rs:142:14
[INFO] [stderr]     30:     0x55793e41a7e5 - std::rt::lang_start_internal::h0fecf91cd579e7b6
[INFO] [stderr]                                  at /rustc/9610dfe5a9a731ced1ea4923ecbd0c57fe367898/library/std/src/rt.rs:148:20
[INFO] [stderr]     31:     0x55793dfadad7 - std::rt::lang_start::hf546b64fed6a4117
[INFO] [stderr]     32:     0x55793dfad825 - main
[INFO] [stderr]     33:     0x7f457c794d90 - <unknown>
[INFO] [stderr]     34:     0x7f457c794e40 - __libc_start_main
[INFO] [stderr]     35:     0x55793dfacbd5 - _start
[INFO] [stderr]     36:                0x0 - <unknown>
[INFO] [stderr] warning: build failed, waiting for other jobs to finish...
[INFO] running `Command { std: "docker" "inspect" "255b492cf1ebdb1545a04fb0251f80cd7ba179d16293fe8b6dce48b62dec0190", kill_on_drop: false }`
[INFO] running `Command { std: "docker" "rm" "-f" "255b492cf1ebdb1545a04fb0251f80cd7ba179d16293fe8b6dce48b62dec0190", kill_on_drop: false }`
[INFO] [stdout] 255b492cf1ebdb1545a04fb0251f80cd7ba179d16293fe8b6dce48b62dec0190
